{"id":1970,"date":"2024-03-15T15:13:46","date_gmt":"2024-03-15T14:13:46","guid":{"rendered":"https:\/\/lesfrencheese.fr\/accueil\/?page_id=1970"},"modified":"2024-05-27T21:55:36","modified_gmt":"2024-05-27T19:55:36","slug":"plateau-fin-de-repas","status":"publish","type":"page","link":"https:\/\/lesfrencheese.fr\/accueil\/plateau-fin-de-repas\/","title":{"rendered":"PLATEAU FIN DE REPAS"},"content":{"rendered":"<style>.kb-row-layout-wrap.wp-block-kadence-rowlayout.kb-row-layout-id1970_9aacc2-d1{margin-bottom:0px;}.kb-row-layout-id1970_9aacc2-d1 > .kt-row-column-wrap{align-content:start;}:where(.kb-row-layout-id1970_9aacc2-d1 > .kt-row-column-wrap) > .wp-block-kadence-column{justify-content:start;}.kb-row-layout-id1970_9aacc2-d1 > .kt-row-column-wrap{column-gap:var(--global-kb-gap-md, 2rem);row-gap:var(--global-kb-gap-md, 2rem);padding-top:var(--global-kb-spacing-sm, 1.5rem);padding-bottom:var(--global-kb-spacing-xxs, 0.5rem);grid-template-columns:minmax(0, 1fr);}.kb-row-layout-id1970_9aacc2-d1{background-color:#f1eae4;}.kb-row-layout-id1970_9aacc2-d1 > .kt-row-layout-overlay{opacity:0.30;}@media all and (max-width: 1024px){.kb-row-layout-id1970_9aacc2-d1 > .kt-row-column-wrap{grid-template-columns:minmax(0, 1fr);}}@media all and (max-width: 767px){.kb-row-layout-id1970_9aacc2-d1 > .kt-row-column-wrap{grid-template-columns:minmax(0, 1fr);}}<\/style><div class=\"kb-row-layout-wrap kb-row-layout-id1970_9aacc2-d1 alignnone kt-row-has-bg wp-block-kadence-rowlayout\"><div class=\"kt-row-column-wrap kt-has-1-columns kt-row-layout-equal kt-tab-layout-inherit kt-mobile-layout-row kt-row-valign-top\">\n<style>.kadence-column1970_37752c-f3 > .kt-inside-inner-col,.kadence-column1970_37752c-f3 > .kt-inside-inner-col:before{border-top-left-radius:0px;border-top-right-radius:0px;border-bottom-right-radius:0px;border-bottom-left-radius:0px;}.kadence-column1970_37752c-f3 > .kt-inside-inner-col{column-gap:var(--global-kb-gap-sm, 1rem);}.kadence-column1970_37752c-f3 > .kt-inside-inner-col{flex-direction:column;}.kadence-column1970_37752c-f3 > .kt-inside-inner-col > .aligncenter{width:100%;}.kadence-column1970_37752c-f3 > .kt-inside-inner-col:before{opacity:0.3;}.kadence-column1970_37752c-f3{position:relative;}@media all and (max-width: 1024px){.kadence-column1970_37752c-f3 > .kt-inside-inner-col{flex-direction:column;justify-content:center;}}@media all and (max-width: 767px){.kadence-column1970_37752c-f3 > .kt-inside-inner-col{flex-direction:column;justify-content:center;}}<\/style>\n<div class=\"wp-block-kadence-column kadence-column1970_37752c-f3 kb-section-dir-vertical\"><div class=\"kt-inside-inner-col\">\n<h2 class=\"wp-block-heading has-text-align-center\" style=\"font-style:normal;font-weight:200\">Le traditionnel sur votre table !<\/h2>\n\n\n\n<p>Vous aimez votre fromage \u00e0 sa place habituel, entre le repas et le dessert, qu&rsquo;\u00e0 cela ne tienne <br><strong>Les Frencheese<\/strong> vous propose une farandole de fromages sur un plateau pr\u00eat \u00e0 sublimer votre table.<\/p>\n<\/div><\/div>\n\n<\/div><\/div>\n\n\n<figure class=\"wp-block-image aligncenter size-full has-custom-border\"><a href=\"https:\/\/lesfrencheese.fr\/accueil\/produit\/la-selection-pour-fin-de-repas\/\"><img fetchpriority=\"high\" decoding=\"async\" width=\"2560\" height=\"976\" src=\"https:\/\/lesfrencheese.fr\/wp-content\/uploads\/2023\/12\/01-IMG_20230305_144342-copie-scaled-e1712259476826.jpg\" alt=\"\" class=\"has-border-color has-ast-global-color-7-border-color wp-image-551\" style=\"border-width:7px\" srcset=\"https:\/\/lesfrencheese.fr\/wp-content\/uploads\/2023\/12\/01-IMG_20230305_144342-copie-scaled-e1712259476826.jpg 2560w, https:\/\/lesfrencheese.fr\/wp-content\/uploads\/2023\/12\/01-IMG_20230305_144342-copie-scaled-e1712259476826-300x114.jpg 300w, https:\/\/lesfrencheese.fr\/wp-content\/uploads\/2023\/12\/01-IMG_20230305_144342-copie-scaled-e1712259476826-1024x390.jpg 1024w, https:\/\/lesfrencheese.fr\/wp-content\/uploads\/2023\/12\/01-IMG_20230305_144342-copie-scaled-e1712259476826-768x293.jpg 768w, https:\/\/lesfrencheese.fr\/wp-content\/uploads\/2023\/12\/01-IMG_20230305_144342-copie-scaled-e1712259476826-1536x586.jpg 1536w, https:\/\/lesfrencheese.fr\/wp-content\/uploads\/2023\/12\/01-IMG_20230305_144342-copie-scaled-e1712259476826-2048x781.jpg 2048w\" sizes=\"(max-width: 2560px) 100vw, 2560px\" \/><\/a><\/figure>\n\n\n<style>.kb-row-layout-id1970_a2646a-c5 > .kt-row-column-wrap{align-content:start;}:where(.kb-row-layout-id1970_a2646a-c5 > .kt-row-column-wrap) > .wp-block-kadence-column{justify-content:start;}.kb-row-layout-id1970_a2646a-c5 > .kt-row-column-wrap{column-gap:var(--global-kb-gap-md, 2rem);row-gap:var(--global-kb-gap-md, 2rem);padding-top:var(--global-kb-spacing-sm, 1.5rem);padding-bottom:var(--global-kb-spacing-sm, 1.5rem);grid-template-columns:minmax(0, 1fr);}.kb-row-layout-id1970_a2646a-c5 > .kt-row-layout-overlay{opacity:0.30;}@media all and (max-width: 1024px){.kb-row-layout-id1970_a2646a-c5 > .kt-row-column-wrap{grid-template-columns:minmax(0, 1fr);}}@media all and (max-width: 767px){.kb-row-layout-id1970_a2646a-c5 > .kt-row-column-wrap{grid-template-columns:minmax(0, 1fr);}}<\/style><div class=\"kb-row-layout-wrap kb-row-layout-id1970_a2646a-c5 alignnone wp-block-kadence-rowlayout\"><div class=\"kt-row-column-wrap kt-has-1-columns kt-row-layout-equal kt-tab-layout-inherit kt-mobile-layout-row kt-row-valign-top\">\n<style>.kadence-column1970_41903c-58 > .kt-inside-inner-col,.kadence-column1970_41903c-58 > .kt-inside-inner-col:before{border-top-left-radius:0px;border-top-right-radius:0px;border-bottom-right-radius:0px;border-bottom-left-radius:0px;}.kadence-column1970_41903c-58 > .kt-inside-inner-col{column-gap:var(--global-kb-gap-sm, 1rem);}.kadence-column1970_41903c-58 > .kt-inside-inner-col{flex-direction:column;}.kadence-column1970_41903c-58 > .kt-inside-inner-col > .aligncenter{width:100%;}.kadence-column1970_41903c-58 > .kt-inside-inner-col:before{opacity:0.3;}.kadence-column1970_41903c-58{position:relative;}@media all and (max-width: 1024px){.kadence-column1970_41903c-58 > .kt-inside-inner-col{flex-direction:column;justify-content:center;}}@media all and (max-width: 767px){.kadence-column1970_41903c-58 > .kt-inside-inner-col{flex-direction:column;justify-content:center;}}<\/style>\n<div class=\"wp-block-kadence-column kadence-column1970_41903c-58\"><div class=\"kt-inside-inner-col\">\n<p class=\"has-text-align-center\">7\u20ac par personne pour un plateau de 3 \u00e0 6 personnes<br>6\u20ac par personne pour un plateau de 7 personnes et +<\/p>\n\n\n<style>.wp-block-kadence-advancedbtn.kb-btns1970_f583ce-a1{gap:var(--global-kb-gap-xs, 0.5rem );justify-content:center;align-items:center;}.kt-btns1970_f583ce-a1 .kt-button{font-weight:normal;font-style:normal;}.kt-btns1970_f583ce-a1 .kt-btn-wrap-0{margin-right:5px;}.wp-block-kadence-advancedbtn.kt-btns1970_f583ce-a1 .kt-btn-wrap-0 .kt-button{color:#555555;border-color:#555555;}.wp-block-kadence-advancedbtn.kt-btns1970_f583ce-a1 .kt-btn-wrap-0 .kt-button:hover, .wp-block-kadence-advancedbtn.kt-btns1970_f583ce-a1 .kt-btn-wrap-0 .kt-button:focus{color:#ffffff;border-color:#444444;}.wp-block-kadence-advancedbtn.kt-btns1970_f583ce-a1 .kt-btn-wrap-0 .kt-button::before{display:none;}.wp-block-kadence-advancedbtn.kt-btns1970_f583ce-a1 .kt-btn-wrap-0 .kt-button:hover, .wp-block-kadence-advancedbtn.kt-btns1970_f583ce-a1 .kt-btn-wrap-0 .kt-button:focus{background:#444444;}<\/style>\n<div class=\"wp-block-kadence-advancedbtn kb-buttons-wrap kb-btns1970_f583ce-a1\"><style>ul.menu .wp-block-kadence-advancedbtn .kb-btn1970_a8e2af-09.kb-button{width:initial;}.wp-block-kadence-advancedbtn .kb-btn1970_a8e2af-09.kb-button{color:var(--ast-global-color-5);background:#2c241f;margin-top:0px;margin-bottom:var(--global-kb-spacing-md, 2rem);}.wp-block-kadence-advancedbtn .kb-btn1970_a8e2af-09.kb-button:hover, .wp-block-kadence-advancedbtn .kb-btn1970_a8e2af-09.kb-button:focus{color:#2c241f;background:#f1eae4;}<\/style><a class=\"kb-button kt-button button kb-btn1970_a8e2af-09 kt-btn-size-standard kt-btn-width-type-auto kb-btn-global-fill  kt-btn-has-text-true kt-btn-has-svg-false  wp-block-kadence-singlebtn\" href=\"https:\/\/lesfrencheese.fr\/accueil\/produit\/la-selection-pour-fin-de-repas\/\"><span class=\"kt-btn-inner-text\">Commandez<\/span><\/a><\/div>\n\n\n\n<p class=\"has-ast-global-color-7-color has-text-color has-link-color wp-elements-f7ba85be12a8af3098c5b6a175a08e53\">S\u00e9lectionn\u00e9s chez nos fromagers en fonction de leur affinage et de la saison, <a href=\"https:\/\/lesfrencheese.fr\/accueil\/\" data-type=\"page\" data-id=\"400\">Les Frencheese<\/a> vous proposent des morceaux entiers pour une meilleure conservation. Vous d\u00e9couvrirez sur votre plateau les  3 diff\u00e9rents laits repr\u00e9sent\u00e9s (vache, ch\u00e8vre et brebis), en diff\u00e9rentes textures et p\u00e2tes \u00e0 hauteur de 100Gr par convive.<\/p>\n<\/div><\/div>\n\n<\/div><\/div>\n\n\n<p class=\"has-text-align-center has-ast-global-color-5-color has-luminous-vivid-orange-background-color has-text-color has-background has-link-color wp-elements-cbf207db9b9202c5126c9f9e1d210a51\" style=\"padding-top:var(--wp--preset--spacing--40);font-size:16px\"><strong>ATTENTION<\/strong> <strong>! Ces planches ne conviennent pas aux intol\u00e9rants au lactose. Femmes enceintes et jeunes enfants : les fromages peuvent \u00eatre au lait cru (not\u00e9 sur l&rsquo;\u00e9tiquetage). Pr\u00e9sence de fruits \u00e0 coque. MERCI de bien vouloir remplir le cadre des demandes sp\u00e9cifiques \u00e0 la fin de votre commande. <\/strong><\/p>\n","protected":false},"excerpt":{"rendered":"<p>Le traditionnel sur votre table ! Vous aimez votre fromage \u00e0 sa place habituel, entre le repas et le dessert, qu&rsquo;\u00e0 cela ne tienne Les Frencheese vous propose une farandole de fromages sur un plateau pr\u00eat \u00e0 sublimer votre table. 7\u20ac par personne pour un plateau de 3 \u00e0 6 personnes6\u20ac par personne pour un [&hellip;]<\/p>\n","protected":false},"author":2,"featured_media":0,"parent":0,"menu_order":0,"comment_status":"closed","ping_status":"closed","template":"","meta":{"site-sidebar-layout":"default","site-content-layout":"","ast-site-content-layout":"","site-content-style":"default","site-sidebar-style":"default","ast-global-header-display":"","ast-banner-title-visibility":"","ast-main-header-display":"","ast-hfb-above-header-display":"","ast-hfb-below-header-display":"","ast-hfb-mobile-header-display":"","site-post-title":"disabled","ast-breadcrumbs-content":"","ast-featured-img":"","footer-sml-layout":"","theme-transparent-header-meta":"","adv-header-id-meta":"","stick-header-meta":"","header-above-stick-meta":"","header-main-stick-meta":"","header-below-stick-meta":"","astra-migrate-meta-layouts":"default","ast-page-background-enabled":"default","ast-page-background-meta":{"desktop":{"background-color":"var(--ast-global-color-4)","background-image":"","background-repeat":"repeat","background-position":"center center","background-size":"auto","background-attachment":"scroll","background-type":"","background-media":"","overlay-type":"","overlay-color":"","overlay-opacity":"","overlay-gradient":""},"tablet":{"background-color":"","background-image":"","background-repeat":"repeat","background-position":"center center","background-size":"auto","background-attachment":"scroll","background-type":"","background-media":"","overlay-type":"","overlay-color":"","overlay-opacity":"","overlay-gradient":""},"mobile":{"background-color":"","background-image":"","background-repeat":"repeat","background-position":"center center","background-size":"auto","background-attachment":"scroll","background-type":"","background-media":"","overlay-type":"","overlay-color":"","overlay-opacity":"","overlay-gradient":""}},"ast-content-background-meta":{"desktop":{"background-color":"var(--ast-global-color-5)","background-image":"","background-repeat":"repeat","background-position":"center center","background-size":"auto","background-attachment":"scroll","background-type":"","background-media":"","overlay-type":"","overlay-color":"","overlay-opacity":"","overlay-gradient":""},"tablet":{"background-color":"var(--ast-global-color-5)","background-image":"","background-repeat":"repeat","background-position":"center center","background-size":"auto","background-attachment":"scroll","background-type":"","background-media":"","overlay-type":"","overlay-color":"","overlay-opacity":"","overlay-gradient":""},"mobile":{"background-color":"var(--ast-global-color-5)","background-image":"","background-repeat":"repeat","background-position":"center center","background-size":"auto","background-attachment":"scroll","background-type":"","background-media":"","overlay-type":"","overlay-color":"","overlay-opacity":"","overlay-gradient":""}},"footnotes":""},"class_list":["post-1970","page","type-page","status-publish","hentry"],"_links":{"self":[{"href":"https:\/\/lesfrencheese.fr\/accueil\/wp-json\/wp\/v2\/pages\/1970","targetHints":{"allow":["GET"]}}],"collection":[{"href":"https:\/\/lesfrencheese.fr\/accueil\/wp-json\/wp\/v2\/pages"}],"about":[{"href":"https:\/\/lesfrencheese.fr\/accueil\/wp-json\/wp\/v2\/types\/page"}],"author":[{"embeddable":true,"href":"https:\/\/lesfrencheese.fr\/accueil\/wp-json\/wp\/v2\/users\/2"}],"replies":[{"embeddable":true,"href":"https:\/\/lesfrencheese.fr\/accueil\/wp-json\/wp\/v2\/comments?post=1970"}],"version-history":[{"count":35,"href":"https:\/\/lesfrencheese.fr\/accueil\/wp-json\/wp\/v2\/pages\/1970\/revisions"}],"predecessor-version":[{"id":2249,"href":"https:\/\/lesfrencheese.fr\/accueil\/wp-json\/wp\/v2\/pages\/1970\/revisions\/2249"}],"wp:attachment":[{"href":"https:\/\/lesfrencheese.fr\/accueil\/wp-json\/wp\/v2\/media?parent=1970"}],"curies":[{"name":"wp","href":"https:\/\/api.w.org\/{rel}","templated":true}]}}